- (1 - 3)?
2, 11
Let v be 1/1 + (2 - -15). List the prime factors of (2/3)/(1/v).
2, 3
Let q(k) = -49*k**2 - k + 1. Let m be q(1). Let r = 108 + m. Suppose 5*i - 4*z - 45 = -6, 5*i + z - r = 0. What are the prime factors of i?
11
Let u(z) = 0*z + 9 + 4*z - 6*z + 3*z + z**3. What are the prime factors of u(0)?
3
Suppose i - 3 - 3 = 0. What are the prime factors of i?
2, 3
Let a(g) = 7*g + 8. List the prime factors of a(8).
2
Let b(x) = x**2 - 8*x + 1. Let r be b(8). Suppose -2*v = -5*w - 4 - 3, 4*w = v + r. Suppose -c = 2*c, -g + v = c. List the prime factors of g.
11
Suppose -2*h = -a, -2*a - 3*a - 4*h = -28. Suppose -a*z - 112 = 5*t, -13 - 15 = z + 4*t. Let u = z + 44. List the prime factors of u.
2
Let x(d) = -d + 2. Let j be x(-3). Suppose -j*w - 1 = -11. Suppose 3*n + w = 32. What are the prime factors of n?
2, 5
Suppose v = -5*m + 35, -27 - 10 = -2*m - 5*v. Suppose m*o = o + 100. List the prime factors of o.
2, 5
Let j(u) = u**2 - 3*u. Let q be j(4). Suppose -5 - 3 = -q*d. Suppose 5*w = z - d, 2*z + 8*w - 4 = 3*w. List the prime factors of z.
2
Let q = -23 + 35. Suppose w = 2*w + 5*n - 56, q = 3*n. Suppose 4*o - 23 = 7*b - 4*b, w = 3*o + 4*b. What are the prime factors of o?
2
What are the prime factors of -5*(-3 - (-84)/(-20))?
2, 3
Let l(d) = 3*d**2 + 2*d + 1. List the prime factors of l(-1).
2
Let w be (-26)/(-10) + (-4)/(-10). Suppose 0 = 4*h - 0*h. Suppose 5 = 2*m + 3*g, h*g + w*g = -5*m + 17. What are the prime factors of m?
2
Let u(b) = b**3 + 11*b**2 + 8*b - 8. Let t(d) = d**3 + 2*d**2 - 1. Let c be (-8)/(-36) - (-29)/(-9). Let q be t(c). What are the prime factors of u(q)?
2, 3
Suppose -3*n = n - 180. Let u(c) = -c**3 - 11*c**2 + 12*c + 3. Let p be u(-12). Suppose -2*t - 6 = m - 41, -p*m = -4*t + n. What are the prime factors of t?
3, 5
Let t(o) = -o. Let s(b) = -b**2 - 10*b - 1. Let c(g) = s(g) - 2*t(g). List the prime factors of c(-5).
2, 7
Suppose 2*n = -3*u + 8, -2*n + n - u + 3 = 0. Let f be (-74 - n)*(-2)/6. Suppose -2*j - 19 = -5*w, 0 = -4*w + 4*j - 5 + f. List the prime factors of w.
3
What are the prime factors of (744/(-12))/(2/(-6)*2)?
3, 31
Let f(x) = -2*x + 16. What are the prime factors of f(-12)?
2, 5
Let r(o) = -o**2 + 11*o + 2. Suppose 0 = -4*q - q + 50. List the prime factors of r(q).
2, 3
Suppose 16 = -4*o - v, 2*o + 10 = -v + 2. Let t be 1/o + 254/(-8). What are the prime factors of (18/(-12))/(3/t)?
2
Let w = -75 + 43. Let n = 57 + w. What are the prime factors of n?
5
Let o(y) = y**3 - 5*y**2 + 5*y + 2. Let d be o(4). Suppose -33 = 3*q - d*q. What are the prime factors of q?
11
Suppose -11*q = -10*q + 3. Suppose 0 = -0*v + 2*v - 4. Let u = v - q. List the prime factors of u.
5
List the prime factors of (-12)/(-9)*(-1 + 166).
2, 5, 11
Let d(k) = -6*k**3 + 2*k + 1. Suppose 5*h + 4 = -l, h = -0*h + 3*l - 4. Let y be d(h). Suppose -3*j + 33 = -4*n, 4*j - n - 26 = y. List the prime factors of j.
7
List the prime factors of 36 - 0/(1 + -2).
2, 3
Let x be (-43)/4 - 2/8. List the prime factors of 3 - (-2 - -6) - x.
2, 5
Let k = -92 + 120. List the prime factors of k.
2, 7
Let v = -2 + 0. Let m be 0*1*v/4. What are the prime factors of 0 + m - (-8 + -6)?
2, 7
Let c be (-1)/(3/((-3)/1)). Suppose 4*d - 15 = c. What are the prime factors of d?
2
Suppose -1 = 5*y - 26. Suppose -5*z - 35 = -y*x, z - 3 = -0*z - x. Let d = z + 8. List the prime factors of d.
2, 3
What are the prime factors of -2 + 262/14 + (-2)/(-7)?
17
Let z = 1 - 5. Let a be (-70)/(-21) - z/6. Suppose -2*k - a*d - 52 = -6*k, -d + 1 = 0. List the prime factors of k.
2, 7
Suppose -5*n - 217 = -562. Suppose -q + 155 = 5*i + 2*q, 3*i - 3*q = n. List the prime factors of i.
2, 7
Suppose 5*x - n + 46 = 0, 4*n - 38 = 4*x + 2*n. Let y = -19 + 19. Let c = y - x. List the prime factors of c.
3
Let u(g) = -g**2 + g + 41. List the prime factors of u(0).
41
What are the prime factors of 9542/104 - (-2)/8?
2, 23
Suppose 4*j - 4 = 4*w - 24, -w = 5*j - 11. Suppose -2*r = 2*r - 76. Let z = r - w. List the prime factors of z.
13
Suppose 106 = -4*l + 1754. What are the prime factors of l?
2, 103
Let c = 8 + -4. Suppose -c*r - 24 = -2*o, -18 = -o + 4*r + 4. Suppose o*i + 21 = 5*i. List the prime factors of i.
7
Suppose -4*j + 187 = -365. Suppose 0*t - j = -3*t. List the prime factors of t.
2, 23
Let w(u) be the third derivative of u**6/120 - u**5/60 - u**4/6 + u**3/6 + 3*u**2. Let v be w(-3). Let h = v - -34. List the prime factors of h.
11
List the prime factors of 554/(-8)*(-15 - -11).
277
Let q be (-2)/8 + 17/4. Suppose 2*i + q*g - g + 17 = 0, 0 = -4*i - 3*g - 25. Let m(z) = -2*z - 2. What are the prime factors of m(i)?
2, 3
Suppose -3*c - 27 = -2*h, -4*h - 3 = 2*c - 1. List the prime factors of 3388/98 + 4/c.
2, 17
Let o(w) = -w + 1. Let c(l) = -8*l + 5. Let s(z) = z**2 - 3. Let g be s(3). Let h(f) = g*o(f) - c(f). What are the prime factors of h(4)?
3
Suppose 5*x = 614 - 104. Suppose 5*m + 2*u = 132, 0 = -3*m + 3*u + x - 6. List the prime factors of m.
2, 7
Let g(y) = y**2 - 8*y + 2. Let n be 12 - (4 - (2 - 1)). List the prime factors of g(n).
11
Let u(h) = -3*h. Let f be u(-6). Suppose -2*a = 0, -b = -3*b + a + f. What are the prime factors of b?
3
Let c(b) = -b**2 - 6*b + 1. Let n be c(-6). Let u be n/(-3)*(0 - -3). Let p = u + 8. What are the prime factors of p?
7
Suppose 4*c - 12 = -0*c. List the prime factors of ((-182)/(-21))/(1/c).
2, 13
Let o(i) = -3*i**3 - 4*i**2 - 2*i + 1. Let m(f) = -f**2 + 5*f + 4. Let g be m(6). What are the prime factors of o(g)?
13
Suppose 3 = 5*k - 2*s - 2, -5*s = 4*k - 4. Let z(d) = -17*d + 5. Let q(h) = -77*h + 22. Let o(i) = -5*q(i) + 22*z(i). What are the prime factors of o(k)?
11
Suppose -3*d + 4*u + 197 + 509 = 0, -4*u = 4. List the prime factors of d.
2, 3, 13
Suppose -28 = -5*g + 82. Suppose 6 - g = -2*p. List the prime factors of 114/7 - p/28.
2
Suppose -5*t + 3*w + 42 = 0, -3*t + 18 = -3*w - 6. What are the prime factors of t?
3
Let w(f) = -f**3 + 14*f**2 + 22*f + 5. What are the prime factors of w(15)?
2, 5, 11
What are the prime factors of 2/20 - (-49126)/140?
3, 13
Suppose 8*o - 125 = 3*o. What are the prime factors of o?
5
Let o(g) = -g**3 + 3*g**2 - 2*g + 4. Let t be o(3). Let a = t - -10. List the prime factors of a.
2
Suppose l = 5*l - 8. Suppose r + 5 = l. Let m = 6 + r. List the prime factors of m.
3
Let q = 2 + 3. Let y(u) = u**3 - 3*u**2 - 8*u + 12. What are the prime factors of y(q)?
2, 11
Let y be (-12271)/(-21) - (-4)/6. Let h be (-1)/(-4) + y/12. Suppose 2*x = -7*s + 3*s + 10, -4*s = 5*x - h. What are the prime factors of x?
13
List the prime factors of (-15)/(-10) - (-81)/6.
3, 5
Let c = -12 - -2. Let v(k) = -k - 7. Let q be v(-5). Let y = q - c. What are the prime factors of y?
2
Suppose 0 = -2*w - 68 + 12. Let v be (-372)/(-21) + (-8)/w. Suppose 3*h - 24 = v. What are the prime factors of h?
2, 7
Suppose 0 = -3*t - k + 31, 2*t + 3*k - 20 + 4 = 0. Suppose t = 5*n + 1. Suppose -b = -0*b + 4*m, -b - n*m = -8. What are the prime factors of b?
2
Suppose 2*b + 4*q = 74, -2*b - 2*q + 55 = -27. Suppose b = 3*l + 2*l. What are the prime factors of l?
3
Suppose -n - 20 = -5*n - l, 5*n - 25 = l. Suppose 0 = 3*g + 3*r - 45, 0*g - 4*g + n*r + 51 = 0. List the prime factors of g.
2, 7
What are the prime factors of ((-7)/(-14))/((-1)/(-72))?
2, 3
Let y(n) = -n**2 + 9*n - 3. Suppose -3*a = 5*t - 16, -a + 0*t + 3 = 4*t. List the prime factors of y(a).
11
Suppose 3*r - 2 = -8. What are the prime factors of r/(-4) + 98/4?
5
Let q(h) = 2*h**2 - 3*h + 2. Let i be q(-3). Suppose -2*g + 3*u - 8*u = -33, -g - 5*u = -i. List the prime factors of g.
2
Let i(r) = 5*r - 39. Let b(o) = 2*o - 13. Suppose n + 5 = -0*s - 3*s, 3*n - 2*s - 18 = 0. Let u(d) = n*i(d) - 11*b(d). List the prime factors of u(-9).
5
Let n = -6 - -38. List the prime factors of n.
2
Let f(b) = b**3 - b**2 - 3. Let k be f(-3). Let z be (-4)/(-6)*(-1 + -5). What are the prime factors of k/z - (-3)/(-4)?
3
Suppose 17 - 39 = -z - 5*h, 0 = -3*z - 2*h + 14. Suppose -z*u = -4*u + 6. What are the prime factors of u*(2 + 5/3)?
11
Suppose -2*s + 57 = -13. List the prime factors of s.
5, 7
Suppose -y = -2*x - 210, 2*x - 88 = 4*y - 292. List the prime factors of 10/45 + x/(-9).
2, 3
Let x = 10 - 7. Suppose x*m + 5*f - 15 = 0, 5*m - 5*f = -0*m - 15. Suppose -c + 5*c - 12 = m.